?
0
Evaluate 30 + 18 - 47 - (2 - -31).
-32
What is the value of -20 - (1 + -9 + 7 + 5 - 8)?
-16
Calculate 5 + -10 + 7 + (-2 + -2 - 1).
-3
-5 + 1 - -23 - (14 + -6)
11
What is the value of -21 - (6 + (20 - 30))?
-17
35 + -38 - (0 - (4 + -2 + -5))
-6
Calculate (-1 + -2 - -10) + -5 + -3 + 8.
7
What is the value of (-14 - (-32 - 0)) + -7?
11
0 + -4 + 3 + (-6 - 0) + 4
-3
7 - (-20 + 0 + 3 - -6) - 3
15
Evaluate 16 - (8 + -7 + 4).
11
Evaluate -16 + 8 + -3 + 2.
-9
What is the value of (-6 - ((-4 - 2 - -6) + -3)) + 18?
15
What is 21 + (-32 - -3 - -4)?
-4
Calculate -50 + -54 + 112 - (19 - (1 + 0)).
-10
(-140 - -144) + (1 - -2)
7
Evaluate -15 - ((-6 - -17) + -32).
6
0 + 25 - (-15 + 63)
-23
What is 13 - 37 - (11 + -1 - (28 + -23))?
-29
Calculate -84 + 100 - ((-8 - 1) + -3 + 4).
24
Evaluate 64 - 31 - (60 + -16).
-11
0 - 4 - ((4 - -4) + -22 + 13)
-3
(-11 - (-7 + 7)) + 3 + 0 + -3
-11
(11 - (11 - 11)) + -6
5
Calculate 1 - -5 - (-175 + 180).
1
Evaluate (21 - 8) + 12 + -12 + -1.
12
-12 + (49 - (11 + 19 - 14))
21
Calculate -3 - (-10 - (-19 + 10)).
-2
What is the value of 0 + (5 + 26 - 49)?
-18
What is 59 + -33 - 8 - (2 - 1)?
17
Evaluate -75 + 95 + (0 - 9) + -2.
9
Evaluate 7 + (12 + -10 + 1 - -5).
15
What is 114 + -98 + 21 + 0?
37
Calculate 9 - (40 + -28 + 23).
-26
What is the value of 2 + 5 - (24 - (5 + 7))?
-5
What is the value of 6 + -5 + (-10 - 0)?
-9
What is the value of 4 + 2 - (-28 + 9 - -4 - -1)?
20
What is the value of (1 + -1 - 4) + 5 + -6 + -1?
-6
Evaluate -59 + 48 - (-28 - (1 - -1)).
19
Evaluate (-12 - -14) + -2 + -4 - (3 - -2).
-9
Evaluate 8 + -2 + -7 + 3 - 5.
-3
(-5 - 6) + 6 + -37 + 28
-14
What is -7 + (-12 - -7) + 15?
3
What is (-18 - 4) + 30 - (0 - -1)?
7
(-13 + 7 - 13) + 21
2
Calculate 11 + (4 - 15) + 6.
6
Evaluate 0 - (3 + -4 + -8 + 5).
4
Evaluate 16 + -27 + 29 - 39.
-21
32 + (-13 + -22 - -35)
32
1 - (-11 - (-1 + 1) - (-4 + 6))
14
What is the value of -1 + 35 - (2353 + -2295)?
-24
What is the value of -24 + 37 + -23 + 24?
14
Calculate 8 - (27 + (-3 - (9 - 7)) + 4).
-18
What is the value of 2 - ((-4 + -11 - -7) + 16)?
-6
What is -15 + (-2 - 0) + (2 - (-9 + 10))?
-16
Evaluate -4 + (-29 + 9 + 8 - -8).
-8
Calculate 19 + 2 + -1 + -16.
4
Calculate -92 - -86 - (3 + -6 - -10).
-13
Calculate (60 - (31 + 1)) + (1 - 13).
16
What is (-7 - 1) + (-19 - (-28 - -12))?
-11
What is the value of 2 + (2 - (-2 - 10)) - (82 - 89)?
23
Evaluate 1 - 7 - (-8 + 7) - (0 + 6).
-11
What is 2 + -12 - (-36 - (-16 + 21))?
31
Evaluate (5 + -11 - -5) + (-9 - -16) + -23.
-17
Evaluate 20 + -13 + -1 - (1 - (-2 - -9)).
12
Calculate 24 + (3 - 1) + (-17 - -19).
28
Calculate 34 + (-15 - (6 - (20 + -4))) - 3.
26
Calculate (-190 - -202) + -17 + -1.
-6
Calculate -5 - (18 - 2) - -8.
-13
16 + (2 - -1) + 62 + -61
20
What is (17 - (5 - -8)) + 3?
7
Calculate (-40 - (-37 - 4)) + (27 - -4).
32
What is 1 + 6 + -1 + 345 + -366 - -7?
-8
Evaluate 6 + -9 - (-3 + 2) - (-1 + -3).
2
-7 + -6 + 4 + (-4 - -5 - -3)
-5
What is 33 - 5 - (-110 + 127)?
11
Evaluate -12 + 10 + -8 + (2 - -6).
-2
3 + -5 + (-33 - 1 - (-10 - -1))
-27
Evaluate -4 + 3 + -3 + 3 - (-1 + 1).
-1
What is the value of -21 - (-16 + 9) - -21?
7
0 - (-9 + (6 - (-8 + -11)))
-16
-12 - (7 + -7 + -6 + 4)
-10
Calculate 34 + -40 - ((2 - -1) + -23) - 5.
9
What is the value of -11 + (-2 - (16 - 7 - 7))?
-15
8 + (8 - (5 - (-10 + 9)))
10
Calculate (8 - -6) + -2 - (-10 - 0).
22
What is 33 - 42 - (13 - -7)?
-29
What is the value of -13 + 23 + (-37 - -46)?
19
Evaluate -14 - ((-45 - -2) + 33 + -22).
18
What is -13 + 24 - 17 - (2 + (-1 - -16))?
-23
21 - 17 - 13 - -15
6
(9 - -1) + (31 - (10 - (-8 + -5)))
18
Calculate (-1 - (-9 - 0)) + (-1 - (51 - 54)).
10
Evaluate -2 - (-22 - 2) - (-588 - -590).
20
What is 0 + -7 + (0 - -6)?
-1
What is (21 - 10) + -1 + -16?
-6
Evaluate -8 + 14 + (-37 - -21).
-10
Calculate 6 - (9 - 5 - -9).
-7
What is the value of -39 + 40 - (0 - 3 - -8 - -2)?
-6
What is -7 + (-2 - -14 - 4)?
1
66 + -74 - (-9 + -3 - -2)
2
(20 - (-2 - -31)) + 22
13
What is 168 + -176 + (-1 - 0) + -4?
-13
What is the value of (2 - -3) + (26 - (-21 - -42 - 2))?
12
What is the value of -3 - 1 - (3 + -10 + 5 + 2)?
-4
-25 - (-11 - (0 - (5 - 4)))
-15
What is 24 + 2 + -6 + 2 - 8?
14
(5 - (2 - 14)) + -35 + 29
11
Calculate -1 + (68 - 35) + -41.
-9
Calculate 6 + (-4 - (10 - -4)).
-12
Evaluate 11 + (10 - -9) + -17.
13
Evaluate (-3 - -47) + (-33 - -24).
35
What is the value of 0 + 2 + 19 + 15 + -13?
23
Calculate 6 - (-7 + 3 + 3).
7
30 + -3 + -5 - 13
9
Calculate -4 + (-18 + 0 - -7) - -12.
-3
Calculate (3 - 3) + -2 + 2 + -113 + 111.
-2
Calculate -23 - -40 - (1 + 8) - 19.
-11
What is 75 + 22 - 88 - ((15 - 0) + 1)?
-7
Calculate (-15 - (-47 + 1 - -13)) + -2.
16
Calculate 8 - (15 + -13) - 18 - 1.
-13
What is 2 + (-6 - -9) + 2 + -8?
-1
What is -43 + 28 + (-9 + 58 - 9)?
25
Evaluate -6 + 1 + (4 - 29 - (-6 - 17)).
-7
Evaluate (-13 + 3 - (-8 + 3)) + 6 - 6.
-5
What is the value of (9 - 23) + 20 + 12?
18
(10 - 5 - 16) + 18
7
-4 + 0 - ((-21 - (-11 + 7)) + 4)
9
Evaluate 24 + 8 + (132 - 151).
13
Evaluate (-12 - -21) + -14 + -1.
-6
Evaluate -17 + 21 + 27 + -32.
-1
Evaluate -11 - (6 - 25) - 1.
7
What is the value of -2 - ((-38 - -28) + -5)?
13
What is 3 - -6 - 28 - (-4 - (0 + -4))?
-19
What is the value of -28 - (-56 - -27) - (-1 - 19)?
21
Evaluate 8 + 0 + 1 - -1 - (212 - 212).
10
What is the value of 731 + -715 - (8 + 0)?
8
What is (-8 - -6) + (14 - 3)?
9
Evaluate 11 + (1 - 1) - (-32 + 12 + 23).
8
Evaluate 0 + -11 + -4 + 15 + -8 - 8.
-16
Evaluate -18 + 4 - (16 + -20).
-10
What is -8 + 0 - ((4 - (7 + -5)) + -4)?
-6
What is the value of -520 + 514 - (1 + 0 - -13)?
-20
What is (0 - -7 - 16 - -4) + -14?
-19
What is the value of (-571 - -569) + 2 + (2 - (-8 - -2))?
8
Evaluate -4 - (-7 - (9 + (-4 - 2 - -3))).
9
What is the value of 12 + (2 - 9) + -8 + 31?
28
Calculate (4 - 4) + (-7 - -14) + -1 + -12.
-6
What is the value of 13 + (-15 - 5 - -14) + 3?
10
What is the value of 15 + -18 - 8 - (8 - 34)?
15
Evaluate 6 + (3 + 6 - 14) - -11.
12
-10 - (-7 + 17 + -31 - -7)
4
What is the value of -1 + -1 - (-290 + 281)?
7
Evaluate -5 + -23 + 45 + -42.
-25
Evaluate (-7 - -12) + 16 - 7 - 10.
4
What is -49 + (-3 + 24 - -12)?
-16
Calculate (19 + 6 + -4 - 15) + 28.
34
What is the value of 39 - (45 + -13 + -21)?
28
Calculate -10 + 22 + 21 + -17.
16
What is the value of -1 - (2 + (-12 - 7))?
16
Calculate 11 + -21 - (-20 + -6).
16
Calculate 2 + (-2 + 0 - (28 - 29)).
1
Evaluate 8 + 2 + 0 + (7 - 29).
-12
What is the value of 0 - (-5 - -6 - -4) - (-2 - -10)?
-13
Calculate -2 - (-6 + (19 - 7) + -7).
-1
What is -4 + (9 - (14 + -11 - -31))?
-29
-1 + (32 - -3 - 16)
18
What is the value of 22 - (-4 - (-14 + (-22 - -12 - -21)))?
23
Calculate -27 - ((-1 - -1 - 10) + (-2981 - -2981)).
-17
Evaluate -19 - (27 - 14) - -18.
-14
What is -6 + 14 + -3 + -1 + (36 - 39)?
1
What is (26 - (18 + -4)) + 18?
30
Calculate -3 + 11 + (-1 - 5) + 40 + -58.
-16
Calculate 6 - 1 - (-17 + 32 - 19).
9
What is the value of 12 + (-26 + 0 - -6) + (-1 - 15)?
-24
4 + (-6 - ((-21 - -13) + 7))
-1
What is (-17 - -5) + (-17 - -36)?
7
Evaluate 50 + -53 + (7 - 0 - -5).
9
Calculate (14 + 11 - -18) + -22.
21
7 + (-26 + 22 - -3)
6
7 - 0 - 9 - 3
-5
Evaluate (10 + -24 - 15) + 9 + -5 + -3.
-28
What is the value of -14 - (17 + -40) - 5?
4
Evaluate 0 + 17 + (-93 - -75).
-1
Evaluate (-314 - -295) + 21 + -1 + -3.
-2
Calculate (-4 - -5) + -15 + 2 + 2.
-10
-19 + (0 + (-7 - (-10 - 3)) - -1)
-12
Evaluate 6 - -3 - (-1 + -2 - (29 - 33)).
8
Calculate -27 - (-21 - (3 - -23)).
20
What is the value of 11 - (-151 - -146 - (1 + -29))?
-12
What is the value of 5 + -13 + (113 - 78)?
27
What is (-13 - (-11 - 26) - 0) + -12?
12
What is the value of (60 + -7 - 18) + -12 + -2?
21
(1 + 3 - (4 - -4)) + 7
3
Evaluate 18 - (2 - -9) - (-13 - -55).
-35
Evaluate 14 - (13 - (8 - 10)).
-1
What is the value of -2 + 4 - ((11 - 7 - -6) + 1)?
-9
-6 + (6 - (-6 - (-8 - 1) - 4))
1
What is -7 - (8 - 3) - 0?
-12
Evaluate 30 + 0 - (241 + -215).
4
Calculate 4 + -1 + 0 - (30 + 5 + -18).
-14
Calculate -2 - (-2 + (8 - 2) + -12).
6
What is 6 - (20 + (-4 - (6 + 0 - 8)))?
-12
(-6 - (-8 - (-4 - 3))) + (20 - 2)
13
-15 + (-9 - -14) + 5
-5
What is the value of -2 + -20 - (-237 + 238)?
-23
Calculate (5 + -12 - -1) + 16 - 12.
-2
What is -3 + 17 + (-18 - -6)?
2
(-32 - -1) + (-3860 - -3893)
2
What is the value of -5 + (-1